r of 12818 and 170.
34
Calculate the highest common divisor of 43 and 40205.
43
Calculate the greatest common factor of 525 and 490.
35
What is the highest common factor of 188 and 611?
47
What is the highest common factor of 322 and 42?
14
What is the highest common factor of 150 and 175?
25
Calculate the greatest common factor of 9270 and 206.
206
What is the highest common factor of 18 and 3258?
18
What is the highest common divisor of 6 and 38100?
6
Calculate the highest common factor of 301 and 43.
43
Calculate the greatest common divisor of 16237 and 52.
13
Calculate the greatest common factor of 33 and 451.
11
What is the highest common divisor of 58 and 493?
29
What is the greatest common divisor of 326 and 489?
163
Calculate the greatest common divisor of 754 and 58.
58
What is the highest common factor of 18 and 48?
6
Calculate the greatest common factor of 46604 and 191.
191
Calculate the highest common factor of 228 and 84.
12
Calculate the greatest common divisor of 48 and 32.
16
What is the greatest common factor of 117 and 78?
39
What is the highest common divisor of 19 and 247?
19
What is the highest common factor of 1672 and 38?
38
Calculate the highest common factor of 14 and 1169.
7
What is the greatest common divisor of 80 and 560?
80
What is the greatest common divisor of 1529 and 77?
11
What is the greatest common divisor of 294 and 84?
42
Calculate the highest common factor of 2 and 599.
1
What is the highest common factor of 72 and 90?
18
Calculate the greatest common divisor of 28 and 20916.
28
Calculate the greatest common divisor of 96 and 64.
32
What is the highest common factor of 649 and 275?
11
Calculate the highest common divisor of 209 and 380.
19
What is the greatest common factor of 13566 and 171?
57
What is the highest common divisor of 136 and 17408?
136
What is the greatest common factor of 10 and 12830?
10
What is the greatest common divisor of 88 and 231?
11
Calculate the greatest common divisor of 336 and 126.
42
Calculate the greatest common divisor of 868 and 532.
28
Calculate the highest common factor of 6 and 217.
1
Calculate the highest common factor of 64 and 5952.
64
Calculate the greatest common factor of 8823 and 765.
51
What is the highest common factor of 193 and 82604?
193
What is the greatest common factor of 17 and 8279?
17
Calculate the greatest common factor of 286 and 26.
26
What is the greatest common divisor of 47 and 2162?
47
Calculate the greatest common factor of 50 and 650.
50
What is the greatest common factor of 7909 and 33?
11
What is the highest common divisor of 128 and 8?
8
What is the highest common divisor of 10 and 169?
1
What is the greatest common factor of 420 and 28?
28
Calculate the greatest common divisor of 286 and 2678.
26
What is the highest common factor of 3948 and 84?
84
What is the highest common factor of 288 and 3276?
36
Calculate the greatest common factor of 87 and 1479.
87
What is the greatest common divisor of 20 and 11260?
20
Calculate the highest common divisor of 702 and 81.
27
Calculate the highest common divisor of 3712 and 29.
29
What is the greatest common divisor of 2 and 254?
2
What is the highest common divisor of 1728 and 81?
27
What is the highest common factor of 180 and 9?
9
Calculate the greatest common factor of 2 and 1237.
1
Calculate the highest common factor of 105 and 60.
15
Calculate the greatest common factor of 25 and 24275.
25
Calculate the greatest common factor of 18247 and 257.
257
What is the highest common factor of 12 and 60?
12
What is the highest common factor of 867 and 1377?
51
What is the highest common factor of 1 and 1223?
1
Calculate the highest common factor of 531 and 18.
9
What is the greatest common divisor of 2941 and 17?
17
Calculate the highest common factor of 1178 and 608.
38
Calculate the highest common factor of 22 and 6.
2
Calculate the highest common divisor of 27 and 909.
9
Calculate the greatest common divisor of 42 and 14.
14
What is the greatest common divisor of 6468 and 396?
132
Calculate the greatest common factor of 1147 and 37.
37
What is the highest common divisor of 345 and 2645?
115
What is the greatest common factor of 2976 and 32?
32
What is the highest common divisor of 31480 and 40?
40
What is the greatest common divisor of 70 and 1575?
35
What is the highest common factor of 28204 and 44?
44
What is the greatest common divisor of 3 and 933?
3
Calculate the greatest common divisor of 11920 and 80.
80
Calculate the greatest common divisor of 348 and 68.
4
What is the highest common divisor of 280 and 40?
40
Calculate the highest common factor of 31 and 1.
1
Calculate the highest common divisor of 1016 and 8.
8
Calculate the greatest common factor of 48 and 112.
16
Calculate the highest common factor of 628 and 192.
4
Calculate the highest common factor of 1742 and 201.
67
Calculate the greatest common divisor of 120 and 16335.
15
Calculate the greatest common factor of 13 and 221.
13
What is the greatest common divisor of 52699 and 151?
151
Calculate the highest common divisor of 56 and 51464.
56
What is the greatest common factor of 7719 and 747?
249
Calculate the greatest common divisor of 85 and 15.
5
What is the greatest common factor of 42 and 112?
14
What is the greatest common divisor of 70 and 30?
10
What is the highest common factor of 14532 and 84?
84
What is the highest common divisor of 768 and 480?
96
Calculate the greatest common factor of 26 and 104.
26
What is the greatest common factor of 8 and 264?
8
What is the highest common divisor of 20 and 40?
20
Calculate the highest common divisor of 72 and 448.
8
What is the greatest common factor of 32 and 416?
32
Calculate the greatest common divisor of 1 and 1151.
1
Calculate the highest common divisor of 44 and 1298.
22
What is the highest common divisor of 6972 and 3?
3
What is the greatest common divisor of 10430 and 70?
70
What is the highest common divisor of 792 and 88?
88
What is the greatest common factor of 24 and 1308?
12
Calculate the highest common factor of 16 and 720.
16
Calculate the highest common factor of 656 and 64.
16
What is the highest common divisor of 188 and 4?
4
What is the highest common divisor of 261 and 873?
9
Calculate the highest common divisor of 1180 and 60.
20
What is the highest common factor of 10 and 95?
5
What is the highest common factor of 35 and 55?
5
What is the greatest common factor of 11363 and 11?
11
What is the greatest common divisor of 27 and 2592?
27
Calculate the greatest common factor of 21 and 14721.
21
Calculate the greatest common divisor of 79 and 79.
79
What is the highest common divisor of 24 and 114?
6
Calculate the greatest common factor of 37 and 30.
1
Calculate the highest common divisor of 93 and 3.
3
What is the highest common divisor of 6 and 4?
2
Calculate the greatest common divisor of 2 and 2362.
2
Calculate the greatest common divisor of 1092 and 70.
14
Calculate the highest common divisor of 50 and 9550.
50
Calculate the highest common divisor of 244 and 16.
4
Calculate the highest common factor of 45 and 870.
15
What is the greatest common factor of 3 and 1337?
1
Calculate the highest common factor of 7722 and 1170.
234
Calculate the greatest common divisor of 10 and 14.
2
Calculate the highest common factor of 140 and 20.
20
Calculate the greatest common factor of 93 and 341.
31
What is the highest common divisor of 24 and 1968?
24
Calculate the greatest common divisor of 3430 and 140.
70
Calculate the greatest common divisor of 7 and 1065.
1
Calculate the greatest common factor of 3 and 16.
1
What is the highest common factor of 84 and 1314?
6
Calculate the highest common factor of 5 and 565.
5
Calculate the highest common factor of 187 and 153.
17
What is the greatest common divisor of 1180 and 4?
4
Calculate the greatest common factor of 15560 and 40.
40
What is the greatest common divisor of 520 and 32630?
130
What is the highest common divisor of 1856 and 87?
29
What is the highest common factor of 248 and 22940?
124
Calculate the greatest common divisor of 28 and 32.
4
What is the highest common factor of 2599 and 113?
113
What is the greatest common factor of 681 and 9761?
227
Calculate the greatest common factor of 221 and 2669.
17
What is th